ppose 5*l = -4*x + 28, -x + 4*x = 6. Suppose -l*n + 2194 = -2*p, 0 = p + 3*n - 8*n + 1103. Let s = -222 - p. Is s a prime number?
False
Let d(i) = 5914*i + 1495. Is d(16) prime?
False
Suppose -20*f + 79*f = 236. Let r(a) = 4*a - 1 - 1 + 7. Is r(f) composite?
True
Suppose 520 = 2*t - 4*i, -5*t + 784 = -2*t - 4*i. Suppose 2496 = 3*z + t. Suppose -5*r - 3*r + z = 0. Is r a composite number?
True
Let k = -91 - -162. Let i = k + -86. Is i + 18 + (736/2)/1 a composite number?
True
Suppose u - 29 = -t - 24, 20 = 4*t - u. Suppose t*b - 17*b + 23316 = 0. Is b prime?
False
Let l be ((-76)/10)/((-6)/2790). Let s = l + -955. Is s prime?
True
Is (48 + -49)/((-12)/(-20) - 390404/650665) composite?
True
Let m = 43 - 22. Suppose -23 = o + m. Let k = 133 + o. Is k composite?
False
Let a be 4/(-8 + 38469/4809). Let x = 16073 + a. Is x prime?
True
Suppose 3*b = -3*o + 29376, -7*o - 4*b + 9*b + 68532 = 0. Is o prime?
True
Suppose 0 = -3*t + 3*v + 34035, -5*v + 1513 = -6*t + 69589. Is t a prime number?
True
Let c(k) be the first derivative of -7*k**3/3 + 11*k**2/2 - 22*k - 11. Let o be c(7). Let r = o + 1559. Is r a composite number?
True
Let r(y) = -2*y**3 + 31*y**2 - 13*y - 10. Let i be r(15). Is ((-3011)/5)/((-4)/i) a composite number?
False
Let c be (-3)/(135/(-10)) + (-86)/(-18). Let m be c/(-2)*(-16)/20. Is 0 + 217/2*2 + m composite?
True
Let f(l) = 8*l**2 + 17*l - 55. Let z be f(-19). Suppose -z = 7*t - 59931. Is t a composite number?
True
Let p(y) = 29*y**2 + 4*y - 7. Let z be -7 + 9 - (0 + 0). Suppose 2 = z*u - 10. Is p(u) a composite number?
False
Suppose b + n - 4 = 0, 2*n = b - 0*n - 1. Suppose -3*i + 8*j = 6*j + 4, 3*i - 11 = -j. Is (-67)/((-5 + i)/b) a prime number?
True
Let s = -54 + 57. Suppose -s*k - 21 - 1 = 5*x, 0 = 4*k + 16. Is 813*((-6)/9)/x composite?
False
Suppose -20 = 5*f - 5*j, 4*f + j - 2 = -8. Let d be 5/15 - ((-14)/(-6) + f). Suppose d = -4*m - 2*y + 2792, m - 3*y = -3*m + 2802. Is m composite?
True
Is 47/(-376) + -3 + 1979972/32 a composite number?
False
Suppose 2*f + 2*n - 3396 = 0, 0*n + 1694 = f + 5*n. Suppose r = -5, -4*t + 3*r + 4864 = -f. Is t prime?
True
Let n(f) = -846*f - 25*f**2 + f**3 - 64 - 5 + 845*f. Is n(26) a prime number?
False
Suppose -5*x + 2*n + 183964 = 0, 0 = -5*x + 2*n - n + 183967. Is x a composite number?
True
Is (2295/54)/(3/732) + (-3 - -4) a composite number?
True
Suppose -2*u + 4*y - 100 = 0, -y + 136 = -5*u - 132. Let t be (-2)/(-3) + 2142/u. Is 2/(-24)*t*116 prime?
False
Suppose 119 = 4*p + 27. Let f = 27 - p. Suppose -3*i = f*u - 874, -4*u - 5*i + 230 = -648. Is u a prime number?
False
Suppose 0 = 39*c + 14*c - 3*c - 7477150. Is c a composite number?
False
Suppose -4*j + 20*z - 16*z + 20 = 0, -3*z + 33 = 3*j. Is (1 + j/(-4))/(4/(-4156)) a composite number?
False
Suppose 10*o - 20900 = -8300. Let z be 4*(28/8 + -3). Suppose -z*d + 2582 = -o. Is d prime?
False
Let p(y) = 43*y**2 + 11*y + 161. Is p(15) prime?
False
Let b be (-1 + 0)/4 - 151765/(-20). Is (-20)/15 + b/12 a prime number?
True
Let x be (-3 - 36)*13/(-3). Suppose x = -4*b - 1747. Let o = 1310 + b. Is o composite?
True
Suppose -z = p - 17, p + 5*z + 7 - 44 = 0. Let q(l) = l + 28. Let m be q(p). Suppose -m*s - 7509 = -43*s. Is s a prime number?
True
Let z(f) = 7*f**3 - f**2 + f - 6. Let b be z(-4). Let u = 1057 + b. Suppose 0*y - 2*y = 3*g - 1757, 0 = g + 2*y - u. Is g a prime number?
True
Suppose 13*g + 5325 = 14*g. Suppose -3*w - h + 3195 = 0, 6*w - 5*h = w + g. Suppose -i - w = -p, -i - 3*i = p - 1085. Is p a prime number?
True
Let d = 728 + 3399. Is d a composite number?
False
Let o(f) = -803*f**3 - 3*f**2 + 7*f - 6. Let n be o(2). Let d = 5777 - n. Is d prime?
False
Suppose 31*o - 115802 = 30*o + 2*y, 5*y + 10 = 0. Is o prime?
False
Let y = 44969 - 20652. Is y prime?
True
Suppose 1707630 = 63*u - 57*u. Is u composite?
True
Let q(h) = -7358*h - 2969. Is q(-5) a prime number?
False
Suppose 2*x = 4*a + 2942, -3*x + 863 = -2*a - 3570. Is x a composite number?
False
Suppose 37*d - 521 - 6361 = 0. Suppose -d = -2*k + 2848. Is k a prime number?
False
Is (974700/(-4))/(-5) - (-68)/(-17) prime?
True
Let d(z) = -9*z + 3*z - 2*z. Let q be d(-6). Is 2/(-16)*-2 + 65412/q a prime number?
False
Suppose 3*h - 9 = 12. Let j(i) be the third derivative of 2*i**5/3 - i**4/3 - i**3/2 + 184*i**2. Is j(h) composite?
False
Let s(q) = 3*q**2 - 71*q + 15. Let m be s(-36). Suppose 2*i - 4298 = 6*k - 2*k, 3*i - m = 3*k. Is i a composite number?
True
Suppose 0 = 89*a - 86*a + 18. Is (-38430)/(-182) + a/39 prime?
True
Let a(f) = f**2 - 16*f + 30. Suppose 0 = 11*c - 104 - 50. Let w be a(c). Suppose 3*u - 5*h = -w*h + 3180, 5*u + 5*h - 5250 = 0. Is u prime?
False
Let s = 34618 + 48323. Is s prime?
False
Let t = -153065 - -460882. Is t composite?
False
Suppose 7*k - 3861154 = -15*k. Is k composite?
True
Suppose -111 = -4*n + 37. Suppose 5*i = 4*f - n, -4*f + 3*i + 3 = -24. Suppose 3*x - 4*t = -395 + 2634, -f*x - 2*t + 2233 = 0. Is x prime?
False
Let t(s) = 424*s + 47. Let o(l) = l - 1. Let m(i) = 4*o(i) + t(i). Is m(15) a composite number?
True
Suppose -35*g - 113*g = -6*g - 38960398. Is g prime?
False
Let l be -1*(-12)/(-10)*(-337160)/(-16). Let k = l - -41386. Is k a prime number?
False
Suppose -106083 = -y - 27950. Suppose -y = -26*t + 15*t. Is t a composite number?
False
Suppose z = -178*z + 4994279. Is z composite?
False
Is 32016006/264 + -2*(1 - 3/24) prime?
True
Let k(l) = 32*l**2 - 3*l - 5. Let c be k(-1). Let z be (c/75)/((-2)/(-10)). Suppose -3*g - z*p = -4*g + 665, p = -2*g + 1350. Is g a prime number?
True
Suppose -8*y = -4*y - 105572. Suppose -4*c + y = g, 2*c = -0*c - 2*g + 13192. Is c a prime number?
True
Let y be 8/(-36) - 30*(-8)/108. Suppose u = y*d + 11111, 6*u + 22223 = 8*u - 3*d. Is u composite?
False
Let i(x) = -3*x + 30. Let f be i(10). Let k be 1/(-1)*(f/2 - 2). Suppose -k*y - 604 = -2418. Is y prime?
True
Suppose 14 = -r + 8*r. Suppose -2*w + 5740 = 5*o, -r*w - 5*o + 5734 = -3*o. Suppose -4*s + 3932 = 5*i - w, 2 = -s. Is i a prime number?
True
Suppose -168 = 2*w + 3*w - 4*u, 0 = -2*u + 4. Let c be w/(-10)*(3 + 9605/(-10)). Let q = -1641 - c. Is q a prime number?
True
Suppose -4*q = 3 - 7. Let k(b) = 99*b - 405. Let j be k(4). Is (-366)/j*3 - q a composite number?
True
Suppose 4*m - 11 = 29. Suppose -m*f + 17398 + 10332 = 0. Let s = f - 1514. Is s a composite number?
False
Is 52/78 + ((-123793)/(-3) - -2) a prime number?
False
Let l be (-58)/(-4) - (-6)/(1 + -13). Suppose 0 = 9*b - l*b + 2035. Is b composite?
True
Let l(o) = 7620*o**2 + 7*o + 8. Let a be (-65)/(-78)*-1 + (-1)/6. Is l(a) composite?
False
Suppose -29*q = 49*q - 62*q - 837328. Is q prime?
False
Suppose g - 5 - 1 = 0. Let u(b) = -49*b + 208. Let h be u(4). Suppose 0 = -g*c + h*c - 31182. Is c a composite number?
False
Let b(u) = 3*u**2 + 25*u + 5. Let d be (-2 + 0)*(-21)/(-14) + -4. Let q(c) = c**2 + 7*c + 8. Let l be q(d). Is b(l) prime?
True
Suppose 381*t - 356*t - 2899025 = 0. Is t a prime number?
False
Is ((-11354457)/261)/(2/(-6)) a composite number?
True
Let p = 2236 - 7557. Let q = -1079 - p. Suppose 0 = 3*b - q + 807. Is b a prime number?
False
Let j(c) = -3*c**3 - 4*c**2 - c + 6. Let t(r) = r**2 + 11*r - 16. Let w be t(-13). Let g be (-4)/(-2) + w/(-1). Is j(g) composite?
True
Let j(d) = 500*d**2 + 43. Is j(-13) composite?
True
Suppose 12643 = 3*b - 14382 + 2164. Is b a prime number?
True
Suppose 0 = 4*z + n - 81, -5*n = -z - 4*n + 14. Suppose z*r - 11976 = 11*r. Is r a prime number?
False
Let q(u) = -6 + 56*u + u**3 - 26*u + 0*u**3 + 11*u**2 - 37*u. Let s be 6/(-33) - (-595)/(-55). Is q(s) a prime number?
True
Let c = -176022 + 937435. Is c a prime number?
False
Let p = -59 - -56. Let m be -4 - (p - 154) - 4. Suppose 0 = 3*q + m - 854. Is q prime?
False
Let v be (-777)/(-9) - 1*(-1)/(-3). Suppose -78 + v = 4*h. Suppose k - 3*f - 5 = 2, k + h*f = 7. Is k prime?
True
Let a be 200/(-75)*(-1071 - 0). Let n = a - 1059. Is n a prime number?
False
Suppose 2*b + 0*r = -4*r + 284, 3*b - 2*r = 386. Let l = b + -129. Suppose 5*n + k - 8539 = -l*k, -2*n + 2*k + 3430 = 0. Is n a composite number?
True
Let w(r) = -43*r - 64. Let y(t) = -44*t - 65. Let q(o) = -6*w(o) + 5*y(o). Is q(15) composite?
True
Is ((10 - 15) + 6)/(((-20)/352724)/(-5)) composite?
True
Let i = 64903 + 197718. Is i co